)?
-3
Let m(z) = z**3 - z**2 + 0*z**3 - 2*z + 5 - 4*z**2. Let j be 10/(-3)*144/(-40). Let d be 8/j - (-39)/9. What is m(d)?
-5
Let g(i) = -i**3 - 3*i**2 - 2*i - 4. Let z(w) = -w**2 + 8*w - 6. Let m(j) = 1. Let y(n) = 4*m(n) + z(n). Let s be y(5). Suppose 5*c + 2 = -s. What is g(c)?
2
Let q = -9 + 14. Let i(h) = -1 - h - 3 + h**2 + 0*h**2 + q + h**3. Give i(0).
1
Let m(k) = -5*k**3 - k**2 - 7*k - 3. Let c(x) = -x**3 - x**2 + 1. Let f(b) = -6*c(b) + m(b). Determine f(-6).
-3
Let x(h) = -3*h + 2 + 4 - 2*h - 3. Determine x(4).
-17
Let w be (-4 + 1)/((-3)/4). Let b(o) = -2*o + 8. Let y be b(3). Let l(c) = -5*c**2 + 2*c**2 - w*c + 1 + 2*c**y. What is l(-3)?
4
Let y = 7 - 4. Let p be 12/(-18) + (-2)/(-3). Let k(t) = t**2 + 1 - 3*t + p + 0*t**2. Determine k(y).
1
Let p(s) = -s**3 - s**2 + 5*s + 3. Let j = 9 + -12. Calculate p(j).
6
Suppose 5*f - s + 5 = 0, -2*s - 25 = -7*s. Let c(d) be the second derivative of -d**3/6 - 3*d**2/2 + 51*d. What is c(f)?
-3
Let l(t) = 25*t**2 - 46*t**2 - 2 + t**3 + 24*t**2. What is l(-2)?
2
Let f be ((-72)/20)/((-2)/5). Suppose 2*w + w + f = 0. Let z(p) = p**2 + 3*p + 3. Determine z(w).
3
Let x be 4 + -2 - (-1 - 2). Let b(y) = -y + 0 - 4 + 1 + 0. Determine b(x).
-8
Let y(k) = 3*k + k + 0 - 1 - 5*k. Give y(-8).
7
Let f(a) = 2*a**3 - 12*a**2 - 6 + 7*a**2 - 3*a**3 + 2 - 5*a. Suppose 31 - 3 = 2*i. Let z be i/(-4) - (-3)/6. What is f(z)?
-7
Let j(c) = c**2 - 6*c - 2. Suppose -17 = -6*o + 7. Let z be (0 - 14/o)*-2. What is j(z)?
5
Let l(u) be the third derivative of u**5/30 - u**4/24 + u**3/6 - 2*u**2. Calculate l(1).
2
Suppose 3*a = -3*g, -3*g + 3*a - 18 = -0*g. Let i(s) = -s**2 - s + 1. Calculate i(g).
-5
Suppose -13*i = -11*i. Let l(x) = -7 - x + 2*x + 0. Calculate l(i).
-7
Let t(o) = o - 1. Let a be t(1). Let h(s) be the second derivative of 6*s + 0 - 3*s**2 + 0*s**3 - 1/12*s**4. Determine h(a).
-6
Suppose 0 = 2*a - 3 - 7. Suppose -n - 3*k = 8, -2*n - a*k - 4 = -3*k. Let i(y) = -1 - 1 + n + 2*y + 5*y**2. Determine i(1).
6
Suppose 0 = -4*f + 32 + 16. Let y = -9 + f. Let o(a) = -4*a - 1. Give o(y).
-13
Let n = 4 - 10. Let x(b) be the first derivative of b**2/2 - b - 6. Determine x(n).
-7
Let q(o) = -o**3 - o**2. Let i(g) = 3*g**3 - 2*g**2 + 2*g + 1. Let l = -5 - -7. Let d(m) = l*q(m) + i(m). Let y = -3 + 5. Give d(y).
-3
Let t(o) be the first derivative of o**2/2 + 5*o + 1. Let m = -23 + 19. Determine t(m).
1
Let f(x) = -3 - x + 15*x**2 - 7*x**2 + 2. Give f(-1).
8
Let a(s) = s**3 - 3*s**2 - s + 1. Let p(q) = q**3 - 6*q**2 - 7*q - 4. Let y be p(7). Let d = -1 - y. Suppose -3*t = -d*k, t + 15 = 3*t + 3*k. Determine a(t).
-2
Let v(x) = x**2 - 11*x - 5. Let t(w) = 3*w - 2. Let g(y) = y - 1. Let p(a) = 5*g(a) - 2*t(a). Let n(k) = 6*p(k) - v(k). Determine n(5).
-1
Let v(y) = 4*y**2 - y. Let p = 11 - 12. What is v(p)?
5
Let w(r) = r**2 + 6*r. Let x be w(-6). Let v be 1 - (x - 1)*6. Let j(a) = 6 + v + 0*a + a. Give j(-6).
7
Let q(y) = -y**2 + y + 15. Suppose -2*h - 2 = -i + 2, -3*i = 3*h - 12. Give q(h).
15
Let b(j) = j**2 + 3*j - 4. Let v be b(-5). Let m(i) = -i**3 + 7*i**2 - 6*i + 2. What is m(v)?
2
Let k(f) = -6*f**2 - 3*f + 1. Let m(b) = -6*b**2 - 4*b + 1. Let j(r) = 3*k(r) - 2*m(r). Let n be 2 - ((-12)/(-4) + -2). Give j(n).
-6
Let i be 2/(-7) + 16/7. Suppose 0 = -o - i*y - 0*y + 3, 5*o + 4*y = -15. Let b = -2 - o. Let m(z) = 2*z - 4. Give m(b).
6
Let c(q) = 26*q - 2. Let w(s) = 39*s - 3. Let h(o) = -8*c(o) + 5*w(o). Give h(1).
-12
Let s(f) = -f + 8. Let a(b) = b**2 - 3*b + 2. Let h be a(3). Let q(d) = -d + 1. Let m be q(3). Let v be (m/(-3))/(h/15). What is s(v)?
3
Let w = 35 + -36. Let k(l) = -l - 78. Let n(u) = 6. Let o(p) = -6*k(p) - 78*n(p). What is o(w)?
-6
Let d be 16/(-24) - 10/3. Let h(b) = -b - 3. What is h(d)?
1
Suppose -2*o = 2*o - 8. Let x(a) be the first derivative of 5*a - 1/2*a**o + 1. Give x(3).
2
Let u(z) = z - z + 4*z - z**2. Let c be (4 + 36/(-4))*-1. Calculate u(c).
-5
Let d(m) = 5*m. Let f be d(1). Suppose 3*j - 3*n + 6 = 0, -3*n + f = -5*j + j. Suppose 3*x = -j + 4. Let b(q) = q**3 - 3*q**2 + 1. What is b(x)?
-1
Let v(t) = 2*t**2 - 6. Let i(h) = -h**2 - h + 6. Let q(z) = -3*i(z) - 2*v(z). Calculate q(4).
-10
Let j be (-45)/6*(-2)/3. Let q = j - 3. Let y(l) = 4*l + 5*l**3 - 5*l**3 + 2*l**2 - q - l**3. What is y(3)?
1
Let j(x) be the second derivative of -x**4/12 - x**3/2 + 3*x**2/2 - 8*x. Let d be 1/(-5) + 3/15. Suppose 4*h + 16 + 0 = d. Determine j(h).
-1
Let l(y) = y + 2. Suppose -2*b - b = -27. Let x be (-1)/(((-6)/b)/(-2)). Calculate l(x).
-1
Let q be (-15)/10*4/6. Let m = 3 + q. Let z(u) = -u**3 + 2*u - 1. What is z(m)?
-5
Let z(j) be the third derivative of -j**4/8 - j**3/6 - 10*j**2. Calculate z(3).
-10
Let q(v) = 3*v**3 - 6*v**2 - 6*v - 6. Let r(x) = -4*x**3 + 6*x**2 + 6*x + 7. Let g(h) = -5*q(h) - 4*r(h). Determine g(-4).
10
Let s(f) = 4*f - 9*f + 5*f - 2*f. Determine s(-5).
10
Let o(a) = -a**3 - 12*a**2 - 11*a - 1. Let y be o(-11). Let f(q) = -2*q**2 + 1. What is f(y)?
-1
Let a be 6 + (3 - -1 - 8). Let f(t) be the first derivative of 1/3*t**3 + 3/2*t**a - 2*t + 1. Determine f(-3).
-2
Let c(y) = -y**2 - 5*y + 6. Let s(d) = d + 9. Let r be s(-7). Suppose x - 4 = -x. Suppose -x*z - 8 = r. What is c(z)?
6
Suppose 10 = -2*z + 4*t, -10 = 5*z + 5*t - 0*t. Suppose -2*o - 4*w = -5*o + 20, -2*w - 10 = 4*o. Let j(r) = 6 + 2*r**2 - 2 + 4*r + o. Determine j(z).
10
Suppose 3*x = 4*x. Let c(d) be the third derivative of -d**5/60 + d**3/6 + 4*d**2. Determine c(x).
1
Let t = -35 + 41. Let i(q) = -4*q - 3. Give i(t).
-27
Suppose r + 3*w = -3*r - 2, w + 4 = 2*r. Let c(u) = 2*u - u - r + 0*u. What is c(2)?
1
Let n(i) be the first derivative of i**3/3 - i**2 + i + 28. Suppose -z = -h + 6, 4*h - 2 + 14 = -5*z. What is n(h)?
1
Let i be (-12)/(-56)*14*(-2)/(-360). Let w(a) be the third derivative of 1/24*a**4 + 3*a**2 + 0 + 0*a - i*a**5 - a**3. Give w(0).
-6
Let c(y) be the second derivative of y**3/6 + y**2 + y. Determine c(-6).
-4
Let y(a) be the third derivative of a**5/60 - a**4/6 - a**3/6 + 7*a**2. Give y(3).
-4
Suppose 2*h = -11 + 5. Let l(u) = 2*u. Let x be l(h). Let w(v) be the first derivative of v**2/2 + 10*v - 2. Give w(x).
4
Let k be 2*(-4 + 3) - -3. Let x be 6/3*-3*k. Let i(v) be the first derivative of v**3/3 + 2*v**2 - 6*v + 4. Calculate i(x).
6
Suppose 23*x - 21 = 20*x. Let h(q) = -5*q - 1. Let b(a) = 2*a. Let l(u) = -u**3 - 4*u**2 - u - 1. Let d be l(-4). Let i(c) = d*h(c) + x*b(c). Determine i(-4).
1
Let u(p) be the first derivative of p**3/3 + 7*p**2/2 - 8*p + 1. Let i be (27/6)/(1 - 21/12). Determine u(i).
-14
Let d(j) = -4*j**3 - 2*j**2 - j - 10. Let k(o) = -3*o**3 - 3*o**2 - o - 9. Let c(s) = 2*d(s) - 3*k(s). Let r = -41 - -36. What is c(r)?
2
Let q(z) be the second derivative of 0 + 2*z - 1/2*z**2 + 2/3*z**3. What is q(-1)?
-5
Let j(i) = i**2 + 1. Let p(k) = 3*k**2 + 5*k - 3. Let q(n) = -j(n) + p(n). Determine q(-4).
8
Let z(b) be the first derivative of -b**2/2 + b - 1. Give z(4).
-3
Suppose 9*q - 5*q = -12. Let m(y) = -y**3 - 5*y**2 - 5*y - 4. What is m(q)?
-7
Let k(a) = -a**2 + 7*a + 2. Let b be k(7). Let i be (-3)/((-15)/(-2))*-5. Let d(r) = b - r + 3*r**2 - 4*r**i - 3 - 4*r**3. What is d(-1)?
3
Let q = -23 + 23. Let k(n) = -n**3 - n**2 - 12. What is k(q)?
-12
Let u(r) be the first derivative of r**3/3 - 4*r**2 + 7*r - 8. What is u(6)?
-5
Let l(k) be the third derivative of -k**4/24 + k**3/3 + 25*k**2. Determine l(5).
-3
Let y = 35 + -34. Let q(j) = -3*j**2 - j + 1. Calculate q(y).
-3
Let k(l) = -2*l - 6 - 4 + 0*l. Calculate k(-9).
8
Let s be (4/(-10))/1 + (-88)/(-20). Let t(g) = -4*g**3 + 3*g**2 + 24*g - 25. Let m(i) = -i**3 + i**2 + 6*i - 6. Let o(z) = -9*m(z) + 2*t(z). Calculate o(s).
-4
Let a = 2 - 2. Let w = 4 + a. Let d(r) = 8*r**3 + r**2 + 8*r - 3. Let n(p) = 3*p**3 + 3*p - 1. Let g(j) = -4*d(j) + 11*n(j). What is g(w)?
5
Suppose 2*g - 3*g + 6 = 2*u, -3*u + 19 = -g. Suppose -3*q - 11 - 4 = 0, -3*z + u*q + 40 = 0. Let p(v) = -2*v + 4 + z*v + 0*v + v**2. What is p(-3)?
4
Let r(g) = -11*g. Let z = 14 - 15. Determine r(z).
11
Let d(a) = a**2. Suppose 4*v - 2 = -6. Let f(k) = -k**3 + 1. Let s be f(v). What is d(s)?
4
Let t(a) = 5*a**3 - a**2 - 9*a + 10. Let m(h) = 4*h**3 - 8*h + 9. Let n(s) = 6*m(s) - 5*t(s). Let q be (-78)/65*(8/(-6) + -2). What is n(q)?
8
Let h(r) = -7*r**3 + 6*r**2 - 